{"id":269,"date":"2021-07-20T14:35:17","date_gmt":"2021-07-20T14:35:17","guid":{"rendered":"https:\/\/serieq.com.br\/?page_id=269"},"modified":"2025-09-19T11:27:34","modified_gmt":"2025-09-19T11:27:34","slug":"solucoes-para-qualidade-industrial","status":"publish","type":"page","link":"https:\/\/serieq.com.br\/index.php\/solucoes-para-qualidade-industrial\/","title":{"rendered":"Solu\u00e7\u00f5es para Qualidade Industrial"},"content":{"rendered":"\n\n\n<p>Descubra as nossas solu\u00e7\u00f5es para <strong>qualidade industrial.<\/strong><br>Temos diversas ferramentas de <strong>metrologia<\/strong>, <strong>coleta de dados em tempo real, e analise estat\u00edstica do processo<\/strong><\/p>\n\n\n\n<p><\/p>\n\n\n\n<hr class=\"wp-block-separator has-css-opacity\"\/>\n\n\n\n<p class=\"has-large-font-size\"><strong>Solu\u00e7\u00f5es para Metrologia<\/strong><\/p>\n\n\n\n<p><strong>Solu\u00e7\u00f5es para Metrologia: Q-MAN para Controle Completo de Instrumentos e Calibra\u00e7\u00f5es<\/strong><\/p>\n\n\n\n<p>Procurando as melhores <strong>solu\u00e7\u00f5es para metrologia<\/strong> que otimizem o controle financeiro e operacional dos seus instrumentos? O <strong>Q-MAN<\/strong> \u00e9 o software ideal, capaz de proporcionar uma gest\u00e3o eficiente e abrangente de todos os processos relacionados \u00e0 <strong>metrologia<\/strong>, incluindo calibra\u00e7\u00f5es, controle f\u00edsico e financeiro dos equipamentos.<br><\/p>\n\n\n\n<div class=\"wp-block-buttons is-layout-flex wp-block-buttons-is-layout-flex\">\n<div class=\"wp-block-button\"><a class=\"wp-block-button__link wp-element-button\" href=\"https:\/\/serieq.com.br\/index.php\/gerenciamento-da-calibracao-metrologia\/\">Saiba Mais<\/a><\/div>\n<\/div>\n\n\n\n<div class=\"wp-block-buttons is-layout-flex wp-block-buttons-is-layout-flex\"><\/div>\n\n\n\n<hr class=\"wp-block-separator has-css-opacity\"\/>\n\n\n\n<p class=\"has-large-font-size\"><strong>Solu\u00e7\u00f5es para An\u00e1lise do Sistema de Medi\u00e7\u00e3o <\/strong><\/p>\n\n\n\n<p><strong>Q-MSA: A Melhor Ferramenta para An\u00e1lise do Sistema de Medi\u00e7\u00e3o e Redu\u00e7\u00e3o de Incertezas<\/strong><\/p>\n\n\n\n<p>Est\u00e1 procurando uma solu\u00e7\u00e3o confi\u00e1vel para otimizar a <strong>an\u00e1lise do sistema de medi\u00e7\u00e3o<\/strong> da sua empresa? O <strong>Q-MSA<\/strong> \u00e9 a ferramenta essencial para garantir precis\u00e3o e reduzir a incerteza nos resultados das medi\u00e7\u00f5es. Desenvolvido para ajudar a identificar e compreender os fatores que podem causar varia\u00e7\u00f5es nos resultados, o Q-MSA proporciona uma avalia\u00e7\u00e3o completa da <strong>capacidade e desempenho do sistema de medi\u00e7\u00e3o<\/strong>, assegurando a confiabilidade das medi\u00e7\u00f5es realizadas.<\/p>\n\n\n\n<div class=\"wp-block-buttons is-layout-flex wp-block-buttons-is-layout-flex\">\n<div class=\"wp-block-button\"><a class=\"wp-block-button__link wp-element-button\" href=\"https:\/\/serieq.com.br\/index.php\/analise-do-sistema-de-medicao\/\">Saiba Mais<\/a><\/div>\n<\/div>\n\n\n\n<hr class=\"wp-block-separator has-css-opacity\"\/>\n\n\n\n<p class=\"has-large-font-size\"><strong>Solu\u00e7\u00f5es para Controle Estat\u00edstico do Processo<\/strong><\/p>\n\n\n\n<p>O Q-CEP \u00e9 uma ferramenta de qualidade essencial para otimizar os processos produtivos. Seu objetivo principal \u00e9 fornecer informa\u00e7\u00f5es em tempo real para um diagn\u00f3stico eficaz na preven\u00e7\u00e3o e detec\u00e7\u00e3o de defeitos e problemas nos processos avaliados. Ao utilizar o Q-CEP, voc\u00ea aumentar\u00e1 a produtividade e obter\u00e1 melhores resultados para sua empresa, evitando desperd\u00edcios de mat\u00e9ria-prima, insumos, produtos e muito mais.<\/p>\n\n\n\n<p>Maximize a efici\u00eancia dos seus processos produtivos com o Q-CEP. Obtenha informa\u00e7\u00f5es em tempo real para um diagn\u00f3stico preciso. Previna e detecte defeitos e problemas de forma r\u00e1pida e eficaz. Aumente a produtividade da sua empresa, evitando desperd\u00edcios e maximizando os resultados. Conte com o Q-CEP para impulsionar a excel\u00eancia operacional e alcan\u00e7ar o sucesso nos seus processos produtivos.<\/p>\n\n\n\n<div class=\"wp-block-buttons is-layout-flex wp-block-buttons-is-layout-flex\">\n<div class=\"wp-block-button\"><a class=\"wp-block-button__link wp-element-button\">Saiba Mais<\/a><\/div>\n<\/div>\n\n\n\n<hr class=\"wp-block-separator has-css-opacity\"\/>\n\n\n\n<p class=\"has-large-font-size\"><br><strong>Solu\u00e7\u00f5es Projetos para Industria especializado em toda qualidade<\/strong><\/p>\n\n\n\n<p class=\"has-medium-font-size\">Desenvolvemos softwares personalizados e projetos sob medida para a qualidade industrial, atendendo \u00e0s necessidades espec\u00edficas de empresas que buscam otimizar seus processos de produ\u00e7\u00e3o. Nossas solu\u00e7\u00f5es em gest\u00e3o da qualidade s\u00e3o projetadas para garantir precis\u00e3o nas medi\u00e7\u00f5es, conformidade com normas como ISO 9001, e melhorar a efici\u00eancia operacional. Com expertise em automa\u00e7\u00e3o de processos, criamos ferramentas que reduzem erros, aumentam a produtividade e asseguram que seus produtos atendam aos mais altos padr\u00f5es de qualidade. Conte com solu\u00e7\u00f5es sob medida para elevar o n\u00edvel da sua gest\u00e3o da qualidade industrial.<\/p>\n\n\n\n<p class=\"has-medium-font-size\"><\/p>\n\n\n\n<div class=\"wp-block-buttons is-layout-flex wp-block-buttons-is-layout-flex\">\n<div class=\"wp-block-button\"><a class=\"wp-block-button__link wp-element-button\" href=\"https:\/\/serieq.com.br\/index.php\/projetos\/\">Saiba Mais<\/a><\/div>\n<\/div>\n\n\n\n<p class=\"has-medium-font-size\"><br><\/p>\n\n\n\n<p><\/p>\n","protected":false},"excerpt":{"rendered":"<p>Descubra as nossas solu\u00e7\u00f5es para qualidade industrial.Temos diversas ferramentas de metrologia, coleta de dados em tempo real, e analise estat\u00edstica do processo Solu\u00e7\u00f5es para Metrologia Solu\u00e7\u00f5es para Metrologia: Q-MAN para Controle Completo de Instrumentos e Calibra\u00e7\u00f5es Procurando as melhores solu\u00e7\u00f5es para metrologia que otimizem o controle financeiro e operacional dos seus instrumentos? O Q-MAN \u00e9 &#8230; <a href=\"https:\/\/serieq.com.br\/index.php\/solucoes-para-qualidade-industrial\/\" class=\"more-link text-uppercase small\"><strong>Continue Reading<\/strong> <i class=\"fa fa-angle-double-right\" aria-hidden=\"true\"><\/i><\/a><\/p>\n","protected":false},"author":1,"featured_media":0,"parent":0,"menu_order":0,"comment_status":"closed","ping_status":"closed","template":"","meta":{"_monsterinsights_skip_tracking":false,"_monsterinsights_sitenote_active":false,"_monsterinsights_sitenote_note":"","_monsterinsights_sitenote_category":0,"footnotes":""},"class_list":["post-269","page","type-page","status-publish","hentry"],"aioseo_notices":[],"yoast_head":"<!-- This site is optimized with the Yoast SEO plugin v25.9 - https:\/\/yoast.com\/wordpress\/plugins\/seo\/ -->\n<title>Solu\u00e7\u00f5es para Qualidade Industrial - S\u00e9rie-Q Inform\u00e1tica<\/title>\n<meta name=\"robots\" content=\"index, follow, max-snippet:-1, max-image-preview:large, max-video-preview:-1\" \/>\n<link rel=\"canonical\" href=\"https:\/\/serieq.com.br\/index.php\/solucoes-para-qualidade-industrial\/\" \/>\n<meta property=\"og:locale\" content=\"en_US\" \/>\n<meta property=\"og:type\" content=\"article\" \/>\n<meta property=\"og:title\" content=\"Solu\u00e7\u00f5es para Qualidade Industrial - S\u00e9rie-Q Inform\u00e1tica\" \/>\n<meta property=\"og:description\" content=\"Descubra as nossas solu\u00e7\u00f5es para qualidade industrial.Temos diversas ferramentas de metrologia, coleta de dados em tempo real, e analise estat\u00edstica do processo Solu\u00e7\u00f5es para Metrologia Solu\u00e7\u00f5es para Metrologia: Q-MAN para Controle Completo de Instrumentos e Calibra\u00e7\u00f5es Procurando as melhores solu\u00e7\u00f5es para metrologia que otimizem o controle financeiro e operacional dos seus instrumentos? O Q-MAN \u00e9 ... Continue Reading\" \/>\n<meta property=\"og:url\" content=\"https:\/\/serieq.com.br\/index.php\/solucoes-para-qualidade-industrial\/\" \/>\n<meta property=\"og:site_name\" content=\"S\u00e9rie-Q Inform\u00e1tica\" \/>\n<meta property=\"article:modified_time\" content=\"2025-09-19T11:27:34+00:00\" \/>\n<meta name=\"twitter:card\" content=\"summary_large_image\" \/>\n<meta name=\"twitter:label1\" content=\"Est. reading time\" \/>\n\t<meta name=\"twitter:data1\" content=\"1 minute\" \/>\n<script type=\"application\/ld+json\" class=\"yoast-schema-graph\">{\"@context\":\"https:\/\/schema.org\",\"@graph\":[{\"@type\":\"WebPage\",\"@id\":\"https:\/\/serieq.com.br\/index.php\/solucoes-para-qualidade-industrial\/\",\"url\":\"https:\/\/serieq.com.br\/index.php\/solucoes-para-qualidade-industrial\/\",\"name\":\"Solu\u00e7\u00f5es para Qualidade Industrial - S\u00e9rie-Q Inform\u00e1tica\",\"isPartOf\":{\"@id\":\"https:\/\/serieq.com.br\/#website\"},\"datePublished\":\"2021-07-20T14:35:17+00:00\",\"dateModified\":\"2025-09-19T11:27:34+00:00\",\"breadcrumb\":{\"@id\":\"https:\/\/serieq.com.br\/index.php\/solucoes-para-qualidade-industrial\/#breadcrumb\"},\"inLanguage\":\"en-US\",\"potentialAction\":[{\"@type\":\"ReadAction\",\"target\":[\"https:\/\/serieq.com.br\/index.php\/solucoes-para-qualidade-industrial\/\"]}]},{\"@type\":\"BreadcrumbList\",\"@id\":\"https:\/\/serieq.com.br\/index.php\/solucoes-para-qualidade-industrial\/#breadcrumb\",\"itemListElement\":[{\"@type\":\"ListItem\",\"position\":1,\"name\":\"Home\",\"item\":\"https:\/\/serieq.com.br\/\"},{\"@type\":\"ListItem\",\"position\":2,\"name\":\"Solu\u00e7\u00f5es para Qualidade Industrial\"}]},{\"@type\":\"WebSite\",\"@id\":\"https:\/\/serieq.com.br\/#website\",\"url\":\"https:\/\/serieq.com.br\/\",\"name\":\"S\u00e9rie-Q Inform\u00e1tica\",\"description\":\"\",\"potentialAction\":[{\"@type\":\"SearchAction\",\"target\":{\"@type\":\"EntryPoint\",\"urlTemplate\":\"https:\/\/serieq.com.br\/?s={search_term_string}\"},\"query-input\":{\"@type\":\"PropertyValueSpecification\",\"valueRequired\":true,\"valueName\":\"search_term_string\"}}],\"inLanguage\":\"en-US\"}]}<\/script>\n<!-- \/ Yoast SEO plugin. -->","yoast_head_json":{"title":"Solu\u00e7\u00f5es para Qualidade Industrial - S\u00e9rie-Q Inform\u00e1tica","robots":{"index":"index","follow":"follow","max-snippet":"max-snippet:-1","max-image-preview":"max-image-preview:large","max-video-preview":"max-video-preview:-1"},"canonical":"https:\/\/serieq.com.br\/index.php\/solucoes-para-qualidade-industrial\/","og_locale":"en_US","og_type":"article","og_title":"Solu\u00e7\u00f5es para Qualidade Industrial - S\u00e9rie-Q Inform\u00e1tica","og_description":"Descubra as nossas solu\u00e7\u00f5es para qualidade industrial.Temos diversas ferramentas de metrologia, coleta de dados em tempo real, e analise estat\u00edstica do processo Solu\u00e7\u00f5es para Metrologia Solu\u00e7\u00f5es para Metrologia: Q-MAN para Controle Completo de Instrumentos e Calibra\u00e7\u00f5es Procurando as melhores solu\u00e7\u00f5es para metrologia que otimizem o controle financeiro e operacional dos seus instrumentos? O Q-MAN \u00e9 ... Continue Reading","og_url":"https:\/\/serieq.com.br\/index.php\/solucoes-para-qualidade-industrial\/","og_site_name":"S\u00e9rie-Q Inform\u00e1tica","article_modified_time":"2025-09-19T11:27:34+00:00","twitter_card":"summary_large_image","twitter_misc":{"Est. reading time":"1 minute"},"schema":{"@context":"https:\/\/schema.org","@graph":[{"@type":"WebPage","@id":"https:\/\/serieq.com.br\/index.php\/solucoes-para-qualidade-industrial\/","url":"https:\/\/serieq.com.br\/index.php\/solucoes-para-qualidade-industrial\/","name":"Solu\u00e7\u00f5es para Qualidade Industrial - S\u00e9rie-Q Inform\u00e1tica","isPartOf":{"@id":"https:\/\/serieq.com.br\/#website"},"datePublished":"2021-07-20T14:35:17+00:00","dateModified":"2025-09-19T11:27:34+00:00","breadcrumb":{"@id":"https:\/\/serieq.com.br\/index.php\/solucoes-para-qualidade-industrial\/#breadcrumb"},"inLanguage":"en-US","potentialAction":[{"@type":"ReadAction","target":["https:\/\/serieq.com.br\/index.php\/solucoes-para-qualidade-industrial\/"]}]},{"@type":"BreadcrumbList","@id":"https:\/\/serieq.com.br\/index.php\/solucoes-para-qualidade-industrial\/#breadcrumb","itemListElement":[{"@type":"ListItem","position":1,"name":"Home","item":"https:\/\/serieq.com.br\/"},{"@type":"ListItem","position":2,"name":"Solu\u00e7\u00f5es para Qualidade Industrial"}]},{"@type":"WebSite","@id":"https:\/\/serieq.com.br\/#website","url":"https:\/\/serieq.com.br\/","name":"S\u00e9rie-Q Inform\u00e1tica","description":"","potentialAction":[{"@type":"SearchAction","target":{"@type":"EntryPoint","urlTemplate":"https:\/\/serieq.com.br\/?s={search_term_string}"},"query-input":{"@type":"PropertyValueSpecification","valueRequired":true,"valueName":"search_term_string"}}],"inLanguage":"en-US"}]}},"_links":{"self":[{"href":"https:\/\/serieq.com.br\/index.php\/wp-json\/wp\/v2\/pages\/269","targetHints":{"allow":["GET"]}}],"collection":[{"href":"https:\/\/serieq.com.br\/index.php\/wp-json\/wp\/v2\/pages"}],"about":[{"href":"https:\/\/serieq.com.br\/index.php\/wp-json\/wp\/v2\/types\/page"}],"author":[{"embeddable":true,"href":"https:\/\/serieq.com.br\/index.php\/wp-json\/wp\/v2\/users\/1"}],"replies":[{"embeddable":true,"href":"https:\/\/serieq.com.br\/index.php\/wp-json\/wp\/v2\/comments?post=269"}],"version-history":[{"count":21,"href":"https:\/\/serieq.com.br\/index.php\/wp-json\/wp\/v2\/pages\/269\/revisions"}],"predecessor-version":[{"id":713,"href":"https:\/\/serieq.com.br\/index.php\/wp-json\/wp\/v2\/pages\/269\/revisions\/713"}],"wp:attachment":[{"href":"https:\/\/serieq.com.br\/index.php\/wp-json\/wp\/v2\/media?parent=269"}],"curies":[{"name":"wp","href":"https:\/\/api.w.org\/{rel}","templated":true}]}}